 318329?
11, 43, 673
What are the prime factors of 8684073?
3, 964897
List the prime factors of 1371463.
61, 22483
What are the prime factors of 1001858?
2, 11, 13, 31, 113
List the prime factors of 1255563.
3, 61, 2287
List the prime factors of 138075.
3, 5, 7, 263
List the prime factors of 2863585.
5, 19, 43, 701
List the prime factors of 36730.
2, 5, 3673
What are the prime factors of 123678?
2, 3, 6871
What are the prime factors of 1495632?
2, 3, 31159
What are the prime factors of 1208855?
5, 241771
What are the prime factors of 64782?
2, 3, 59, 61
List the prime factors of 106493.
109, 977
List the prime factors of 18512413.
18512413
List the prime factors of 791642.
2, 29, 13649
List the prime factors of 185273.
11, 16843
What are the prime factors of 841737?
3, 13, 113, 191
What are the prime factors of 34144818?
2, 3, 199, 28597
What are the prime factors of 131055?
3, 5, 8737
List the prime factors of 705668.
2, 176417
What are the prime factors of 57027?
3, 19009
List the prime factors of 3954392.
2, 13, 47, 809
List the prime factors of 262371.
3, 19, 4603
List the prime factors of 10299221.
83, 124087
List the prime factors of 6632691.
3, 13, 19, 8951
List the prime factors of 468890.
2, 5, 46889
What are the prime factors of 2422357?
7, 346051
List the prime factors of 26315909.
26315909
What are the prime factors of 4633875?
3, 5, 1373
What are the prime factors of 504743?
131, 3853
What are the prime factors of 11672648?
2, 13, 112237
What are the prime factors of 383094?
2, 3, 21283
What are the prime factors of 15359815?
5, 43, 199, 359
What are the prime factors of 788112?
2, 3, 13, 421
List the prime factors of 10388641.
29, 358229
What are the prime factors of 18608454?
2, 3, 12763
What are the prime factors of 26404454?
2, 13202227
What are the prime factors of 222618?
2, 3, 11, 3373
What are the prime factors of 170748?
2, 3, 17, 31
What are the prime factors of 12254521?
12254521
List the prime factors of 150060.
2, 3, 5, 41, 61
What are the prime factors of 2593567?
199, 13033
What are the prime factors of 2074485?
3, 5, 7, 23, 859
What are the prime factors of 154907?
19, 31, 263
What are the prime factors of 14829597?
3, 1061, 1553
What are the prime factors of 9662130?
2, 3, 5, 107357
What are the prime factors of 11908059?
3, 197, 20149
List the prime factors of 7876727.
7876727
List the prime factors of 246320.
2, 5, 3079
What are the prime factors of 923613?
3, 307871
What are the prime factors of 251947?
251947
What are the prime factors of 1063915?
5, 389, 547
What are the prime factors of 314124?
2, 3, 26177
What are the prime factors of 2655577?
2655577
List the prime factors of 141405.
3, 5, 11, 857
List the prime factors of 205823.
205823
What are the prime factors of 355538?
2, 17, 10457
List the prime factors of 9490385.
5, 1898077
What are the prime factors of 859455?
3, 5, 71, 269
What are the prime factors of 24515?
5, 4903
What are the prime factors of 11728751?
11728751
What are the prime factors of 12815951?
127, 100913
List the prime factors of 137993.
137993
What are the prime factors of 105947?
53, 1999
What are the prime factors of 877147?
661, 1327
List the prime factors of 193889.
41, 4729
What are the prime factors of 1569915?
3, 5, 29, 401
List the prime factors of 153062.
2, 7, 13, 29
List the prime factors of 4346658.
2, 3, 113, 2137
What are the prime factors of 4762715?
5, 293, 3251
What are the prime factors of 3110705?
5, 13, 47857
List the prime factors of 2171694.
2, 3, 7, 29, 1783
List the prime factors of 6329680.
2, 5, 7, 89, 127
List the prime factors of 748696.
2, 13, 23, 313
What are the prime factors of 1822017?
3, 607339
What are the prime factors of 6105334?
2, 479, 6373
List the prime factors of 201816.
2, 3, 2803
What are the prime factors of 605835?
3, 5, 13463
List the prime factors of 6030973.
13, 463921
List the prime factors of 176826.
2, 3, 13, 2267
List the prime factors of 28557.
3, 19, 167
What are the prime factors of 480356?
2, 29, 41, 101
List the prime factors of 1122343.
43, 607
What are the prime factors of 299096?
2, 7, 109
What are the prime factors of 108705?
3, 5, 7247
List the prime factors of 9448291.
9448291
What are the prime factors of 13081713?
3, 83, 107, 491
List the prime factors of 93744.
2, 3, 7, 31
What are the prime factors of 7824022?
2, 43, 90977
What are the prime factors of 9104912?
2, 569057
What are the prime factors of 694721?
694721
What are the prime factors of 130860?
2, 3, 5, 727
List the prime factors of 7482773.
269, 27817
What are the prime factors of 4995623?
23, 217201
What are the prime factors of 759951?
3, 17, 4967
What are the prime factors of 3699509?
11, 19, 31, 571
What are the prime factors of 12437806?
2, 769, 8087
List the prime factors of 433583.
281, 1543
What are the prime factors of 1049454?
2, 3, 7, 8329
List the prime factors of 6573776.
2, 11, 41, 911
What are the prime factors of 453049?
179, 2531
List the prime factors of 257623.
23, 487
What are the prime factors of 153374?
2, 13, 17, 347
List the prime factors of 2870282.
2, 1435141
List the prime factors of 551884.
2, 281, 491
What are the prime factors of 540846?
2, 3, 30047
What are the prime factors of 611920?
2, 5, 7649
What are the prime factors of 336108?
2, 3, 37, 757
List the prime factors of 74183.
31, 2393
List the prime factors of 1008318.
2, 3, 163, 1031
What are the prime factors of 3327043?
3327043
List the prime factors of 13559593.
13559593
List the prime factors of 5671709.
19, 239, 1249
What are the prime factors of 77909?
13, 461
List the prime factors of 15932649.
3, 101, 52583
What are the prime factors of 1850271?
3, 616757
List the prime factors of 289234.
2, 11, 13147
List the prime factors of 9545867.
97, 98411
What are the prime factors of 3472586?
2, 13, 23, 5807
List the prime factors of 15514591.
17, 563, 1621
List the prime factors of 1049977.
1049977
What are the prime factors of 2096248?
2, 7, 11, 41, 83
List the prime factors of 13470.
2, 3, 5, 449
List the prime factors of 1144995.
3, 5, 76333
List the prime factors of 1138922.
2, 569461
What are the prime factors of 6498102?
2, 3, 13, 227, 367
List the prime factors of 2025902.
2, 43, 23557
What are the prime factors of 335597?
17, 19, 1039
List the prime factors of 326716.
2, 13, 61, 103
List the prime factors of 31105674.
2, 3, 576031
What are the prime factors of 4329551?
4329551
What are the prime factors of 176432?
2, 11027
List the prime factors of 1512189.
3, 7, 127
List the prime factors of 84976.
2, 47, 113
List the prime factors of 3468153.
3, 13, 17, 5231
What are the prime factors of 2536833?
3, 13, 29, 2243
What are the prime factors of 13199960?
2, 5, 329999
What are the prime factors of 3068954?
2, 7, 29, 7559
List the prime factors of 18294.
2, 3, 3049
List the prime factors of 188372.
2, 47093
List the prime factors of 208299.
3, 7, 13, 109
List the prime factors of 146787.
3, 113, 433
List the prime factors of 3499312.
2, 23, 37, 257
What are the prime factors of 258902?
2, 7, 18493
List the prime factors of 8445885.
3, 5, 7, 11491
List the prime factors of 25400507.
11, 131, 17627
List the prime factors of 246128.
2, 15383
What are the prime factors of 372908?
2, 53, 1759
List the prime factors of 170930.
2, 5, 17093
What are the prime factors of 1070727?
3, 7, 67, 761
List the prime factors of 924773.
924773
List the prime factors of 847138.
2, 467, 907
List the prime factors of 83612.
2, 20903
List the prime factors of 7719697.
23, 14593
What are the prime factors of 5568317?
71, 78427
List the prime factors of 1623280.
2, 5, 103, 197
List the prime factors of 4593973.
4593973
List the prime factors of 238005.
3, 5, 41, 43
List the prime factors of 2631582.
2, 3, 48733
List the prime factors of 1782978.
2, 3, 29, 10247
What are the prime factors of 162069?
3, 89, 607
List the prime factors of 917616.
2, 3, 7, 2731
What are the prime factors of 11392994?
2, 5696497
What are the prime factors of 4922898?
2, 3, 43, 19081
List the prime factors of 1381101.
3, 61, 7547
List the prime factors of 10272.
2, 3, 107
What are the prime factors of 6338052?
2, 3, 7, 3593
What are the prime factors of 660943?
17, 2287
What are the prime factors of 773581?
73